 g*u. Is y prime?
False
Suppose -4*p + 6*a + 2314431 = -1015483, 2*p + 2*a - 1664952 = 0. Is p a prime number?
True
Let s(y) = y**3 + 4*y**2 + 20*y + 128. Let z be s(-5). Suppose 2*w + 3577 = 3*i, 3208 = 2*i - z*w + 825. Is i composite?
False
Let w = 7012 + 18375. Is w a composite number?
True
Suppose -169*f - 244632 = -181*f. Is (5/20*f)/(2/4) a prime number?
True
Suppose 34*b - 1678118 + 111772 = 0. Is b a composite number?
True
Let a(j) = 10*j**3 + 2*j**2 + 4*j + 5. Let r be a(-2). Let d = -71 - r. Is d*(-12515)/(-40)*2 prime?
True
Let n(g) = 14799*g**2 - 183*g - 745. Is n(-4) a composite number?
False
Let y(k) = 16*k**2 - 81*k + 185. Let c(i) = 9*i**2 - 41*i + 92. Let h(v) = -5*c(v) + 3*y(v). Is h(30) composite?
True
Let w be (0/5)/(-4 + 5). Suppose -7*n + 10046 = 2*h - 4*n, -4*h + 2*n + 20124 = w. Is h prime?
False
Let l(s) = -2*s - 14*s**3 - 15*s**3 - 2*s**2 + 28*s**3 - 2. Let k be l(-2). Suppose -41 = -4*w + 5*d + 281, -162 = -2*w + k*d. Is w composite?
False
Suppose 0 = -2*v + 4 - 0. Suppose -d = -v*d + 4*d. Is 80 + d + 3/(-9 - -6) prime?
True
Let h(v) = 144*v**2 - 3*v - 28. Let u be h(-8). Suppose -2*w - 384 + u = 0. Suppose 3*r + 326 - w = -5*l, l - 6806 = -5*r. Is r composite?
False
Let p = 44842 + 5305. Is p a composite number?
False
Suppose 0 = 5*g, -4*o - o = -5*g - 795. Is 3 + 2*(7 + o) a composite number?
True
Suppose -146*v - 9461888 + 41597802 = 0. Is v a prime number?
False
Let l = 61 + -65. Let x = 9 + l. Suppose x*p + d - 4*d - 1267 = 0, 3*p - 4*d = 769. Is p a prime number?
True
Let s be (20/3)/((-24)/(-22140)). Suppose -6*a = -s + 792. Is a a prime number?
False
Suppose -3*i - 3468 = -5*k, 3*k + i - 2076 = 4*i. Let u = k - 1063. Let v = -256 - u. Is v a composite number?
True
Let f(q) = -q**3 + 2*q**2 - 2*q + 2. Let d be f(0). Suppose 417 = d*m - 2867. Is m prime?
False
Let n be 4/(-2) + (-837438)/(-14). Suppose -133*b = -138*b + n. Is b a composite number?
True
Suppose 37232 = -6*z + 22*z. Suppose -3*y + 6490 = -z. Is y prime?
True
Suppose 2*u + 4*l = 71698, -2*u - 143396 = -6*u - l. Let y = u + 32546. Is y prime?
False
Let f(a) = 1766*a - 407. Is f(24) prime?
False
Let w(k) = 2*k - 10. Let x be w(7). Suppose q = -x*d - 12794, 0 = 4*d + 4*q - 5145 + 17933. Is 1 - 1*(d + -3) a prime number?
True
Let c = -9604 - -502967. Is c composite?
True
Let y(o) be the third derivative of -103*o**4/6 - 47*o**3/6 + o**2 - 27*o. Is y(-12) prime?
False
Let y(t) = -t**2 - 15*t + 21. Let o be y(-13). Let n = 7 + 25. Let v = o - n. Is v a composite number?
True
Suppose -226546 = -13*m + 217053. Is m prime?
True
Let x(w) = -w**3 + w + 2. Let p be x(2). Let v(a) = -19*a**3 + 2*a**2 - 9*a - 7. Let r be v(p). Suppose 5*u = -2*b + 2769, -2*b = -4*u + 931 + r. Is u prime?
False
Let y be ((-2)/2)/1*-5923. Suppose v + 5*c - 5923 = 0, 25*v + y = 26*v - c. Is v prime?
True
Let u(b) = 67*b - 215*b - 46 + 101*b + 10*b**2. Is u(33) a prime number?
True
Let p(d) = 305*d + 1888. Is p(-3) a prime number?
False
Let w(x) = -92*x + 94. Let y be w(6). Let h = y + 1041. Is h a composite number?
True
Let i be (-6 - -5) + 1342 + 0. Let j be (i - -7) + 2*2. Suppose j = -5*r + 3747. Is r prime?
True
Let x be (5 + 88/(-16))*-2. Is ((-16544)/192 - x/3)*-62 a prime number?
False
Let c = -671 - -676. Suppose -4*b = -c*o - 133, 5*b - o + 4*o = 194. Is b a composite number?
False
Let i(m) = 3*m - 4. Let d be i(3). Suppose -d*o - b - b = 3216, 5*o = -b - 3218. Let z = o + 997. Is z a composite number?
False
Let r(o) = 33*o + 14. Let a be (-108)/(-4 + 15/6). Suppose -g = 3*g - 16, -4*u + a = 5*g. Is r(u) a prime number?
True
Suppose -6*o = 77 + 10201. Let z = 2452 + o. Is z a prime number?
True
Let x = 37 + -35. Suppose 3*k - 2*h = 18421, -x*k + 12270 = -0*k + 4*h. Is k prime?
False
Suppose 6917945 + 26642437 = 258*t. Is t a composite number?
False
Suppose 132*r = 134*r - 12764. Let x = r - 2979. Is x a composite number?
True
Let t be (-1595)/(-9) - 2/9. Suppose x - 5*b - 339 = t, 10 = 2*b. Is x composite?
False
Suppose 0 = -2*t + 3*l + 10, 0 = 3*t - 5*l - 8 - 7. Is (-96)/240 + 56072/t + -1 a composite number?
False
Suppose 27*b - 30*b = -24. Suppose b = -2*t + 3*u, -3*t - 3*u = 2*t - 22. Suppose 5*w = -d + 137 + 334, -1884 = -4*d - t*w. Is d prime?
False
Let c be ((-90)/(-27))/((8/6)/2). Suppose 4*y - c*p = -6*p - 131, 6 = -2*p. Is (78/(-8))/(12/y) composite?
True
Let a(v) = -v**3 + 5*v**2 - 5*v + 4. Let l be a(5). Let q = l - -187. Suppose 0*w + q = 2*w. Is w prime?
True
Suppose 41*i - 43*i = -14824. Let n = -4933 + i. Is n prime?
False
Is 3*(-44)/33 + 1687351 - 8/(-2) a composite number?
True
Let n(y) = y**3 + 21*y**2 + y + 25. Let l be n(-21). Suppose -l*f + 4*m = -3740, 3*m + 1 = 4. Let w = f - -463. Is w a prime number?
True
Suppose -4 = -3*g - 5*j + j, -4*g - 5*j + 4 = 0. Let i be 33 - -1 - (g + 4). Suppose 2*w - 1008 = i. Is w a prime number?
True
Is 86785 - (-2 + 1 - -3) prime?
True
Let r(s) be the first derivative of -205*s**2/2 + s + 39. Let i be r(-4). Suppose -8*j + 7*j = -i. Is j a prime number?
True
Suppose -85*x - 14*x = -92203749. Is x a prime number?
True
Is (57359 - 4) + (-48)/(-12) a composite number?
True
Let l(a) = 1071*a - 3527. Is l(66) a prime number?
False
Let i = 13676 - 4441. Is i a prime number?
False
Let o(c) = 6*c**2 + 4*c + 12. Let a be o(-2). Suppose h - a*h + 135081 = 0. Is h a prime number?
True
Let o = -60700 - -92769. Is o a composite number?
False
Let i(d) = 2551*d**2 + 590*d - 3493. Is i(6) a composite number?
True
Suppose -7*g - 350652 + 4902458 = 0. Suppose 17*f - g - 424227 = 0. Is f prime?
False
Let x be ((-42)/8)/(5 - 259/56). Let k = -719 - x. Is (-15)/5 - 1 - k a composite number?
False
Let a = 153 - 129. Let p(r) = 6*r + a*r**2 + 87*r**2 - 4 - 1 + 4. Is p(8) a prime number?
True
Let v(g) = -4*g**3 + g**2 + 2*g + 2464. Let n(z) = z**3 - z - 1. Let b(o) = 5*n(o) + v(o). Suppose -15*s + 14*s = 0. Is b(s) prime?
True
Is (-12)/68 - 1577620/(-17) a composite number?
False
Let c(j) = 28*j**2 + 14*j - 40. Let u be c(16). Is (9/(-12))/((-2)/u) a composite number?
True
Let x(u) be the second derivative of 17*u**5/10 + u**4/3 + 5*u**3/6 + 43*u**2/2 - 331*u. Is x(8) composite?
False
Suppose 0 = -2*k + 8*c + 224762, -k - 100*c + 112401 = -99*c. Is k prime?
True
Suppose 10*q - 14 = 56. Suppose 0*r + 39403 = q*r. Is r a composite number?
True
Let n = 15 - 11. Suppose n*x + 1108 = 5*v, 2*x - 4*v + 453 + 95 = 0. Is x/4*(-4 + 8/4) a prime number?
False
Suppose 71*c - 334404 - 658637 = 513650. Is c composite?
False
Suppose 614*l = 4*r + 617*l - 606315, 0 = -4*r + 4*l + 606336. Is r a prime number?
False
Let c(f) be the first derivative of 2*f**2 - 9*f - 24. Let l be c(0). Is (1761/l)/(7/(-21)) a prime number?
True
Suppose -200*k + 168*k = -128*k + 12520416. Is k prime?
False
Is (-513)/63 - -8 - (336806/(-7) + -4) composite?
False
Let u(b) = 15687*b + 130. Is u(1) composite?
False
Suppose -956063 = 428*w - 5450312 - 2582731. Is w a composite number?
True
Suppose 0 = 7*v - 12*v - 54957 + 189782. Is v composite?
True
Let l(j) = 2020*j**2 - 44*j - 423. Is l(-8) prime?
True
Let w be -3 - ((-3780)/(-50))/(2/10). Let y = -124 - w. Is y composite?
False
Let s(l) be the first derivative of 1141*l**5/30 + l**4/12 + l**3/6 + 31*l**2/2 - 5. Let a(j) be the second derivative of s(j). Is a(-1) prime?
True
Let d = -75000 - -105443. Is d a prime number?
False
Suppose -l = -4*l. Suppose -3*y + 2*f - 10 = 0, -5*y - 42 = -l*f + 3*f. Is (3453/y*1)/(1/(-2)) a prime number?
True
Let s be 18/(-117) - 37/13. Let l be (-16)/(-12)*s - 12. Is -22*(-12)/l*-2 composite?
True
Let r = 338 - 333. Suppose 4*u + 3*t = 133028, -t + 222702 = r*u + 56417. Is u composite?
True
Suppose -3352516 - 3586055 = -28*p - 2011159. Is p composite?
False
Let b(z) = 52*z - 9. Let v(w) = w**3 + 10*w**2 - 12*w + 5. Let n be v(-11). Let t be 0 + 7 - (15 - n). Is b(t) a composite number?
True
Let n = -18 - -13. Let m(o) = -o**3 - 6*o**2 - 6*o - 1. Let p be m(n). Is (p/8)/((-1)/(-314)) composite?
False
Suppose -6 = 888*x - 891*x. Suppose 4*l - 58783 = -2*i + 37335, 2*i - 48056 = -x*l. Is l a composite number?
True
Suppose -4*r - 250301 = -5*c, 0 = -91*r + 87*r - 16. Is c prime?
False
Is (-71)/((-5688)/5679 - -1) composite?
True
Let h(a) = 5*a**3 - 27*a**2 - 37*a + 51. Is h(14) a prime number?
